test common divisor of 5 and r?
1
Let g be 4/(20/(-3)) - 27/(-45). Suppose 5*k - 17 = 5*r + 33, -3*r - 3 = g. Let p be (2/4)/((-2)/(-12)). Calculate the greatest common divisor of k and p.
3
Let j be (-12)/(-24)*(7 + 11). Calculate the greatest common factor of j and 2232.
9
Suppose 790 = -2*k + 818. What is the highest common divisor of 287 and k?
7
Let l = 957 + -939. Calculate the highest common factor of 117 and l.
9
Suppose -126*z + 2*a = -121*z - 517, -3*z - 2*a + 323 = 0. What is the highest common factor of z and 168?
21
Suppose -d - 5 = 0, 5*i - 4*i + 29 = -5*d. Let h be i*(1980/8)/(-9). What is the highest common divisor of h and 10?
10
Let m(w) = 5*w**2 - 6. Let c be m(-2). Suppose 778 = 5*f + 4*k, -k + 772 = -0*f + 5*f. What is the highest common divisor of f and c?
14
Let t = -14 + 29. Let a = t + 294. Suppose 4*r - a - 131 = 0. What is the highest common factor of r and 22?
22
Suppose -5*u = 20, 4*d - 2*u - 26 - 62 = 0. Suppose y + 176 = -3*q, q - y = 5*q + 234. Let n = q + 118. What is the greatest common divisor of d and n?
20
Let h = 471 + -399. What is the greatest common divisor of 45 and h?
9
Suppose -47 = 3*t - 17. Let x be 3 + t/(-3)*9. Suppose x = 3*w - 3*q - 2*q, 21 = 2*w - 3*q. What is the greatest common divisor of 42 and w?
6
Suppose 2*f - 3*f = -4*c, 5*f = -5*c. Suppose 2*d = 20 - f. Let x be 946/d + 2/5. Calculate the highest common factor of x and 38.
19
Let n(l) = 5*l**3 - 12*l**2 + 15*l - 4. Let p(f) = -f**3 + f**2 - f. Let v(m) = -n(m) - 4*p(m). Let k be v(5). Calculate the greatest common divisor of k and 3.
3
Let t(i) = i - 33. Let g be t(36). What is the greatest common factor of g and 9?
3
Let u be 57*7/21*(-4 + 5). What is the highest common factor of 760 and u?
19
Let a be (3 - 4 - -136) + 0. Let c = a - 3. Suppose 5*n - c = -n. Calculate the highest common factor of 44 and n.
22
Let u(v) = -2*v + 55. Let d be u(0). Let a be 17/5 + (-22)/d. Suppose 0 = 3*f - a, 0 = -b - 4*f + 1 + 9. What is the highest common divisor of b and 42?
6
Let z(m) = 17*m - 63. Let l be z(9). What is the highest common factor of 10 and l?
10
Let x = 1102 + -1086. What is the highest common divisor of x and 288?
16
Suppose -f - 4 = -36. Let v be (-11)/(66/(-64))*(-1 - -4). Calculate the greatest common factor of f and v.
32
Suppose 16*v + 300 = 20*v. Let l = v - 51. What is the highest common divisor of l and 36?
12
Let k = 1404 + -1374. Let d = 26 + -13. Let m = k - d. What is the greatest common factor of 34 and m?
17
Let s be (-3)/4*(-97 - 59). What is the highest common divisor of 3 and s?
3
Let j be (-180)/(-4)*(-6)/(-5). Calculate the greatest common factor of j and 6.
6
Let x = -53 - -55. Suppose -5*t + 267 = 4*z + 71, 5*z - 75 = -x*t. What is the greatest common factor of 10 and t?
10
Suppose 5*u = -5*j + 4*u + 767, 4*j - 607 = -3*u. Suppose q - 6 + 1 = 0. Suppose -17 - 53 = -q*o. Calculate the highest common divisor of o and j.
14
Let v be ((-250)/(-2) + -2)*(-6)/18. Let x = v - -50. What is the highest common divisor of 45 and x?
9
Suppose 26*s - 30*s = -8. Suppose s*p - 6*p = a - 6, 0 = a + 3*p - 6. Calculate the highest common divisor of a and 18.
6
Let s(z) = 4*z**2 + z - 5. Let c be s(-3). Suppose -5*v = -c - 17. Let n = -6 + v. What is the highest common factor of 12 and n?
3
Suppose -2*o + 1108 = -0*o. Suppose o - 71 = 3*c. Let q = c - -28. Calculate the greatest common divisor of q and 21.
21
Let o be 20/(-250) + 4*1402/100. Calculate the highest common factor of 672 and o.
56
Let h = -821 - 135. Let j = 1532 + h. Let b be (-3)/15 + j/30. What is the greatest common factor of b and 76?
19
Let s(j) = 2*j**2 + 17*j + 11. Let h be s(-8). Suppose n = 2*r - h, n + 18 = 2*n + 5*r. Calculate the greatest common divisor of 15 and n.
3
Let b(m) = -m. Let p be b(-2). Let a = 37 + -25. Suppose -6*s = -s - 5*g - 50, -a = -3*g. Calculate the greatest common divisor of s and p.
2
Let x(w) = -w + 1. Let b be x(1). Let v = b - 5. Let m be (-558)/v + (-6)/(-15). What is the greatest common divisor of m and 16?
16
Let r(i) = 3*i + 29 - 7*i**3 - 54 + 29 - i**2. Let n be r(-2). Calculate the highest common divisor of 50 and n.
50
Suppose 4*c + c + v - 99 = 0, 3*c = -4*v + 56. What is the highest common divisor of c and 80?
20
Let g(a) = a**2 - 25*a + 130. Let j be g(19). Calculate the greatest common divisor of j and 188.
4
Suppose -2*k - 5*h - 5 = 0, 2*k + h - 3*h = 2. Suppose 54 = 9*r - k*r. What is the greatest common factor of 48 and r?
6
Suppose -3*y + 2 = -13. Suppose -y*v = -158 + 23. Let x = v + 19. Calculate the greatest common factor of 69 and x.
23
Let r = -943 - -1000. What is the highest common divisor of 95 and r?
19
Let z be -2 - (-1 + -2 - 3). Let a be z/(-14) + (-1348)/(-14). Calculate the highest common divisor of a and 24.
24
Let n(v) = 13 - 19 + 8*v**2 + 9*v - 10. Let d be n(2). Calculate the greatest common factor of d and 34.
34
Suppose 3*v - o - 7 = 0, -5*o = 3*v - 0 - 1. Let g be 14/v - 1*2. What is the greatest common factor of 40 and g?
5
Let j(b) = 5*b + 52. Let l(u) = -2*u - 17. Let d(f) = -4*j(f) - 11*l(f). Let a be d(11). Calculate the greatest common divisor of 3 and a.
1
Let o(k) = k - 1. Let c(r) = -3*r - 7. Let t(j) = c(j) - o(j). Let g be t(-2). Calculate the greatest common divisor of 18 and g.
2
Suppose 30*d = -11*d + 23452. What is the highest common factor of 156 and d?
52
Let l = 127 + -119. Calculate the greatest common divisor of 152 and l.
8
Let k = 127 + -47. Suppose -2022 = -11*i - 570. Let w = i + -112. Calculate the greatest common factor of k and w.
20
Suppose -6*m + 3*m = 5*z - 173, 269 = 4*m - z. Calculate the highest common factor of m and 48.
6
Suppose 11 - 25 = r + 4*u, -4*r = -5*u - 49. What is the greatest common divisor of r and 78?
6
Suppose 5 + 11 = 4*c. Suppose c*g = -0*g + 672. What is the greatest common factor of g and 21?
21
Let v = 17 + -12. Let w(t) = 9*t**2 + 7 - v*t - t**3 + 0*t**2 - 2*t. Let z be w(8). Calculate the greatest common divisor of z and 10.
5
Suppose 3*o = 3*u + 81, 5*o - 3*u + u - 150 = 0. Let k be (o/6)/((-5)/(-15)). Calculate the greatest common factor of 4 and k.
4
Let z be 49 + (3 + 1 - 4) - 3. Let x = 56 - z. Calculate the highest common factor of 15 and x.
5
Suppose 8 = 4*z + 2*i, -2*z + 3*i + 10 = -2. Suppose 2*u = r - 3, -5*r - 18 + 7 = z*u. Let p be 6 + r - 4/(-2). Calculate the greatest common factor of p and 7.
7
Let w(d) = -3*d**2 - 23*d + 6. Let j be w(-7). Let x be 0 + 0 - (-6 - 2). Calculate the highest common factor of j and x.
4
Let y = -2103 - -3350. Calculate the highest common factor of y and 87.
29
Let r be (-4072)/(-60) + 6/45. Calculate the highest common factor of 1020 and r.
68
Let p be ((-3)/6*2)/(2/(-4)). Let r = -34 + 42. Calculate the highest common divisor of p and r.
2
Let v(u) = 51*u + 779. Let n be v(-15). Calculate the highest common divisor of 1694 and n.
14
Suppose -379 - 713 = -7*w. Calculate the greatest common factor of w and 52.
52
Let i be 7 + 5 + (1 - -2). Let y = i - 10. Calculate the greatest common factor of 40 and y.
5
Let x(p) = p**3 - 9*p**2 + p - 4. Let v be x(9). Let c be ((-4)/v)/(4/(-30)). Calculate the greatest common factor of c and 4.
2
Let c be 2/1 + (5 - 3). Suppose -5*n - 3*d + 1456 = -n, -3*d = -c*n + 1456. Let l = n - 238. What is the greatest common factor of 14 and l?
14
Suppose -3*y + 5 = -1. Let m be (-18)/(1 + y/4). Let o be (200/m)/5*-27. Calculate the highest common factor of 10 and o.
10
Suppose 4*b - k - 80 = -24, -5*k = b + 7. What is the highest common factor of 2 and b?
1
Suppose -2*j + 5*p + 6 = 0, 0*j - 21 = -j - 2*p. Let v = 69 - j. What is the highest common divisor of 8 and v?
8
Suppose 23*b + 3*c + 26 = 25*b, -b = -c - 11. Calculate the greatest common factor of 287 and b.
7
Suppose 0 = -9*f + 10 + 44. Let p be (-2)/8 + (-651)/(-12). Calculate the highest common factor of p and f.
6
Suppose 3*t = 10*t - 280. Let g(m) = 2*m + 7. Let f be g(-10). Let v = t + f. Calculate the highest common factor of v and 18.
9
Suppose 31 = -5*p + 156. Let t(j) = j**3 + 73*j**2 - 3*j - 169. Let d be t(-73). Calculate the greatest common divisor of d and p.
25
Let i(w) = -2*w**2 + 126*w + 16. Let t be i(41). Calculate the greatest common factor of t and 35.
35
Suppose 0 = o + o - 12. Let p be